Let y(n) = n**2 - 11721*n + 16919016. What is y(1686)?
6
Let m(z) = z**3 + 18*z**2 + 270*z - 98. What is m(-17)?
-4399
Let d(o) = -5*o**3 + 2*o**2 + 34*o - 50. Calculate d(7).
-1429
Let y(m) = -9*m**2 - 97*m + 40. What is y(-20)?
-1620
Let j(v) = v**3 + 86*v**2 + 768*v + 272. Give j(-76).
-336
Let k(q) = -q**3 + 10*q**2 - 3509*q + 31505. What is k(9)?
5
Let v(y) = 1206*y + 108460. What is v(-90)?
-80
Let x(o) = o**3 + 79*o**2 + 185*o + 1715. What is x(-77)?
-672
Let j(b) = -b**3 + 17*b**2 + 633*b - 32. Determine j(-18).
-86
Let m(i) = 678*i + 100772. Calculate m(-148).
428
Let w(c) = 2793*c + 18781. Determine w(-7).
-770
Let n(b) = 84*b**2 + 5463*b + 224. Calculate n(-65).
29
Let r(y) = -y**2 - 1656*y - 52086. Give r(-32).
-118
Let v(c) = 1675*c - 324950. Give v(194).
0
Let i(h) = h**3 - 195*h**2 + 5848*h - 74. Give i(158).
242
Let v(d) = 60*d + 2773. Calculate v(-45).
73
Let f(k) = 7*k**2 + 96*k - 10984. What is f(-47)?
-33
Let s(z) = -139*z**2 - 1314*z + 17824. Give s(-17).
-9
Let g(i) = -i**2 + 618*i + 13905. Determine g(-22).
-175
Let n(b) = -2*b**3 + 45*b**2 - 410*b + 8542. What is n(22)?
6
Let z(g) = -2*g**3 + 119*g**2 - 768*g - 286. Determine z(52).
338
Let d(j) = -3*j**3 + 10*j**2 + 98*j - 576. Calculate d(12).
-3144
Let u(x) = 6730*x + 405. What is u(0)?
405
Let t(h) = -h**3 + 36*h**2 - 1028*h + 25435. Give t(30).
-5
Let l(o) = -23*o**2 - 13*o - 60. Determine l(-5).
-570
Let p(b) = -192*b - 29927. Determine p(-157).
217
Let m(i) = -325*i**2 + 26649*i + 85. Give m(82).
3
Let x(b) = b**3 + 1887*b**2 - 49749*b + 35. Give x(26).
-251
Let j(o) = -81*o**2 - 1748*o - 5216. Calculate j(-18).
4
Let h(k) = k**3 + 15*k**2 - 240*k - 3276. Calculate h(-12).
36
Let l(v) = -v**3 - 10*v**2 - 590*v - 5897. Determine l(-10).
3
Let x(p) = -2*p**3 - 258*p**2 - 4714*p - 241. Determine x(-107).
401
Let d(x) = -5*x**2 + 492*x + 1011. Give d(100).
211
Let q(v) = -11*v**3 - 363*v**2 - 8*v - 337. Determine q(-33).
-73
Let h(s) = -88970*s + 2135266. Give h(24).
-14
Let b(a) = -10*a**3 + 24*a**2 + 24*a - 120. Determine b(5).
-650
Let u(b) = -3*b**3 + 15*b**2 + 676*b + 1867. Calculate u(-3).
55
Let g(r) = 5*r**2 + 99*r + 323. What is g(-14)?
-83
Let f(o) = 13371*o + 227303. Determine f(-17).
-4
Let l(j) = 5027*j - 51252. Calculate l(10).
-982
Let s(d) = 142*d**2 - 14873*d + 14872. Determine s(1).
141
Let w(i) = 3*i**3 + i**2 + 548*i - 2928. What is w(5)?
212
Let j(v) = 96*v + 3223. Determine j(-22).
1111
Let a(d) = -1047*d + 45294. Give a(42).
1320
Let j(m) = m**3 + 10*m**2 - 914*m + 797. Calculate j(-36).
5
Let x(w) = 7*w**3 - 84*w**2 + 8*w + 172. Calculate x(12).
268
Let q(r) = 273*r**2 - 12275*r - 403. Determine q(45).
47
Let i(g) = -2*g**2 + 11*g + 72. What is i(-15)?
-543
Let w(a) = a**3 - 2*a**2 - 77*a + 656. Calculate w(14).
1930
Let d(o) = -6*o**2 - 3563*o - 148. Determine d(0).
-148
Let j(b) = 2*b**3 + 705*b - 3456. What is j(5)?
319
Let q(n) = 1629043*n + 6516197. Calculate q(-4).
25
Let m(f) = -f**2 - 830*f + 107004. Give m(112).
1500
Let d(s) = -2*s**3 + 2*s**2 - 1916*s - 16493. Give d(-8).
-13
Let b(z) = z**3 - 82*z**2 - 701*z - 116. Determine b(90).
1594
Let m(f) = -68360*f - 136735. Give m(-2).
-15
Let f(q) = 3*q**3 + 153*q**2 + 1851*q - 275. What is f(-31)?
4
Let s(l) = -l**2 + 7651*l - 4146562. Give s(587).
6
Let y(v) = -v**2 + 101397*v - 1723453. Determine y(17).
7
Let i(b) = -5*b**2 - 101*b - 1139. Give i(-9).
-635
Let o(x) = -x**3 - 24*x**2 + 632*x - 415. Give o(-40).
-95
Let k(n) = -4*n**2 + 1059*n - 2820. What is k(0)?
-2820
Let x(p) = -p**3 + 668*p**2 - 3036*p + 252210. Calculate x(664).
-110
Let h(i) = -2*i**3 - 12*i**2 - 962*i - 5826. Give h(-6).
-54
Let k(u) = 6*u**3 + 147*u**2 - 64*u - 84. What is k(-25)?
-359
Let t(f) = 4*f**3 + 58*f**2 - 29*f + 33. Calculate t(-15).
18
Let u(x) = -94338*x - 2075438. Give u(-22).
-2
Let y(h) = 2*h**2 + 108*h + 617. Determine y(-44).
-263
Let b(i) = -i**3 + 19*i**2 - 9*i - 78. Give b(18).
84
Let q(t) = -2*t**2 - 206*t + 959. Calculate q(-106).
323
Let r(s) = -5*s**3 - 70*s**2 - 95*s - 383. Determine r(-13).
7
Let d(g) = -2*g**3 + 2*g**2 + 65*g - 288. What is d(7)?
-421
Let v(k) = -25*k**2 - 13869*k + 3365. Give v(-555).
35
Let l(v) = 8*v**2 + 2109*v + 21197. Give l(-10).
907
Let f(c) = c**2 - 3269317*c - 75194827. What is f(-23)?
-7
Let q(s) = -2*s**2 + 523*s - 1300. What is q(263)?
-2089
Let s(r) = -r**2 + 223*r + 22774. Give s(-76).
50
Let h(p) = -12747*p + 11281084. What is h(885)?
-11
Let j(d) = 106*d + 7462. What is j(-70)?
42
Let k(t) = -318*t**2 + 582893*t + 1831. What is k(1833)?
-2
Let x(y) = -y**2 - 16*y + 87882. Calculate x(292).
-2054
Let n(w) = -w**3 - 55*w**2 - 1908*w - 79088. Give n(-49).
-2
Let b(d) = -1684*d + 60638. What is b(36)?
14
Let m(c) = -2*c**3 - 97*c**2 - 512*c - 1178. Calculate m(-43).
499
Let a(v) = -7*v**2 - 11852*v - 23709. Calculate a(-2).
-33
Let x(a) = 1474*a - 12752. What is x(8)?
-960
Let n(b) = 299*b**2 - 1772*b - 44. Give n(7).
2203
Let s(q) = -215*q - 22567. Give s(-105).
8
Let r(a) = 123985*a - 123950. What is r(1)?
35
Let x(l) = -l**2 - 111*l + 83051. Calculate x(238).
-11
Let h(o) = -14*o**2 + 117*o - 1411. What is h(15)?
-2806
Let i(a) = -a**3 + 36*a**2 - 166*a + 29. Calculate i(30).
449
Let q(f) = 5*f**2 + 27085*f - 27084. Determine q(1).
6
Let z(c) = -c**3 - 317*c**2 - 932*c - 295528. Determine z(-317).
-84
Let u(x) = 46*x**2 - 33455*x - 24027. Calculate u(728).
-3
Let j(h) = h**3 + 66*h**2 - 2093*h + 3488. Calculate j(22).
34
Let u(i) = -i**3 - 36*i**2 + 212*i + 7604. What is u(-36)?
-28
Let p(u) = -17*u**2 + 8735*u - 34934. Calculate p(4).
-266
Let u(t) = -t**3 + 140*t**2 - 31*t + 4458. Give u(140).
118
Let v(f) = -205*f + 5517. What is v(27)?
-18
Let z(a) = -a**3 - 46*a**2 - 95*a - 2190. What is z(-45)?
60
Let v(h) = -8149*h + 32274. Give v(4).
-322
Let d(s) = 13095*s**2 - 183324*s - 32. Calculate d(14).
52
Let b(i) = i**3 + 127*i**2 + 2269*i - 4090. Determine b(-105).
215
Let l(v) = -3*v**3 - 65*v**2 + 42*v - 441. Determine l(-25).
4759
Let w(k) = k**3 + 439*k**2 - 585*k - 63799. Calculate w(-440).
1
Let w(m) = -324*m + 841. What is w(10)?
-2399
Let u(s) = -454*s - 270. Determine u(-7).
2908
Let s(k) = 7*k**2 + 1646*k + 28993. Give s(-216).
49
Let j(b) = 118616*b + 237237. What is j(-2)?
5
Let n(r) = -1739*r - 490389. What is n(-282)?
9
Let u(n) = 8*n**3 + 113*n**2 + 265*n - 36. Give u(-3).
-30
Let c(l) = 15263*l + 394787. Give c(-26).
-2051
Let g(m) = m**3 - 15*m**2 - 55*m + 346. What is g(17)?
-11
Let x(v) = -727*v - 10175. Calculate x(-21).
5092
Let c(m) = -124604*m - 2367483. What is c(-19)?
-7
Let p(b) = -11164*b + 78066. What is p(7)?
-82
Let t(g) = 15*g**3 + 4*g**2 - 124*g + 18. Give t(-7).
-4063
Let r(t) = -t**3 - 443*t**2 + 3142*t - 77. Determine r(7).
-133
Let x(l) = 4*l**3 + 292*l**2 - 300*l - 205. Determine x(-74).
91
Let q(g) = -8*g**3 + 195*g**2 + 117*g + 202. Determine q(25).
2
Let b(d) = -2910*d**2 + 2893*d + 3. Give b(1).
-14
Let z(j) = 6906*j + 54945. Determine z(-8).
-303
Let q(t) = -3037*t - 2305097. Determine q(-759).
-14
Let g(p) = -30*p**2 - 2933*p - 2941. Give g(-1).
-38
Let i(v) = 218*v + 14034. Determine i(-66).
-354
Let z(s) = 2042*s + 573796. Determine z(-281).
-6
Let b(a) = -172*a**2 + 1346*a + 12. What is b(8)?
-228
Let m(o) = 23*o**2 + 3738*o + 3740. Calculate m(-1).
25
Let c(f) = 462340*f + 924668. Calculate c(-2).
-12
Let p(d) = -23*d**3 + 625*d**2 - 60*d - 58. What is p(27)?
1238
Let q(z) = -58168*z - 4711610. What is q(-81)?
-2
Let f(a) = -4*a**3 + 183*a**2 + 191*a + 2130. Calculate f(47).
62
Let d(r) = -r**2 + 58494*r + 643549. Calculate d(-11).
-6
Let i(v) = v**2 + 117*v - 214. Give i(2).
24
Let k(j) = 15890*j + 2288149. Give k(-144).
-11
Let c(g) = -2*g**3 - 10*g**2 - 233*g - 995. Calculate c(-5).
170
Let q(v) = -v**3 - 7*v**2 - 1733*v - 6877. Determine q(-4).
7
Let r(k) = 866*k - 160951. Calculate r(186).
125
Let z(p) = -10*p**3 - 2480*p**2 - 15*p - 3884. Determine z(-248).
-164
Let g(v) = 5636*v + 225446. Determine g(-40).
6
Let i(l) = -12*l + 868. Calculate i(34).
460
Let y(n) = 18*n**3 - 10*n**2 + 5*n + 75. Calculate y(-4).
-1257
Let z(c) = 7*c**3 - 48*c**2 + 5*c - 128. Give z(7).
-44
Let n(y) = -y**2 - 46*y - 1473. Determine n(-22).
-945
Let a(g) = -g**2 - 223*g - 10360. Determine a(-83).
1260
Let a(n) = n**